uppose -4*s - 4*o + r = 0, -4*o + 3 = -2*s - o. List the prime factors of s.
3
Let y(f) be the second derivative of -7*f**3/6 + f**2/2 - f. List the prime factors of y(-1).
2
Let q(i) = -i**3 - 14*i**2 - 17*i - 35. List the prime factors of q(-14).
7, 29
List the prime factors of 64 - (0 + -3 + 0).
67
Suppose s - 2 = 3, n = -3*s + 19. Suppose -4*w + 3*w + 15 = 3*x, -w + 1 = -n*x. What are the prime factors of w?
3
Let h(n) = -n**2 - 6*n + 8. Let v be h(-7). What are the prime factors of (22/(-10))/(v/(-5))?
11
Let r be 2/8*(-8 + 12). Let j = -2 + 3. Let k = r + j. List the prime factors of k.
2
Suppose -2*i - s = 0, 2*s = s + 2. Let h be 66 - 1*(1 - i). Suppose -5*x - m + h = -2*m, -2*x - 2*m + 16 = 0. What are the prime factors of x?
2, 3
Let t = 55 + -35. Suppose -4*p + t = -0*p. Suppose -p*b + 20 = -5*c, b - c = -2*c + 6. List the prime factors of b.
5
Suppose 0*a - 22 = -a. List the prime factors of (2 - 0)/(2/a).
2, 11
Let a be 4/(-6) - 68/6. Let i(m) = m**3 + 5*m**2 + m - 1. Let u be i(-5). Let q = u - a. What are the prime factors of q?
2, 3
Let r be 45/(-27) - (-2)/3. What are the prime factors of 144/9 - (-2 - r)?
17
Suppose -y = -0*y. What are the prime factors of 32/8 + (1 - y)?
5
What are the prime factors of (-6)/27 - (857/(-9) - 0)?
5, 19
Suppose 4*o - 14 = 2*t, o = -3*o - 4*t + 32. What are the prime factors of o?
5
Let m = 171 - -31. List the prime factors of m.
2, 101
Let u be 1/3 - 88/(-6). Suppose y = z - 2*z + 9, 3*y = u. What are the prime factors of z/1 + 0/1?
2
Suppose a - 2*j = 12 - 1, 4*a - 28 = 4*j. Suppose -3*g - 2*g = 0. Suppose -54 = -g*z - a*z. What are the prime factors of z?
2, 3
Suppose -2*i + 22 = -14. What are the prime factors of i?
2, 3
Let q(p) = -p**3 + 8*p**2 + 4. Let o be q(8). Suppose -o*i + 122 + 18 = 0. List the prime factors of i.
5, 7
Suppose -4*i = -2*r + 4*r + 188, 4*i = -8. List the prime factors of (4/6)/((-4)/r).
3, 5
List the prime factors of 107 - (0 - -5 - (-3)/(-1)).
3, 5, 7
Let d(k) = k**2 - k. Let w be d(-1). Suppose 2*t - 2*z - 38 = 0, -3*z = w*t - 10 - 33. List the prime factors of t.
2, 5
Suppose 2*x + 22 = 2. Let t = x + 16. Suppose -j = -3*j - t, j = o - 16. List the prime factors of o.
13
What are the prime factors of ((-4)/(-8))/(3/66)?
11
Let i be 3/(135/460 - 1/4). Suppose 3*c - 3*n = 306, -c - 3*n + 336 = 2*c. Suppose -l = 2*l - 3*d - i, -d = -5*l + c. What are the prime factors of l?
3, 7
Let q be 1/((-184)/(-182) - 1). Let v = q - 60. List the prime factors of v.
31
Let r(v) = -v**3 + 3*v**2 + 6*v - 2. Let l be r(4). Suppose 2*n = -n + l. Suppose -i = -19 - n. What are the prime factors of i?
3, 7
Let o(b) = -3*b**3 - 5*b - 2*b**2 + 5 + 4*b**3 - b**2. Let v be o(5). Suppose v = 3*h + 3*f, -h + 2*f + 8 + 17 = 0. What are the prime factors of h?
3, 5
Let r(u) = 3*u + 2 + 4 - 2 - 1. Let s(x) = -4*x - 5. Let c(m) = -7*r(m) - 5*s(m). List the prime factors of c(-9).
13
Let k(r) = -r + 1. Let o = 0 - 4. Let v be k(o). Suppose -2*n + 22 = s, -31 = -5*s + 4*s - v*n. List the prime factors of s.
2
Let k(z) = -9*z + 3. Let x be k(-3). Suppose -3*d + x = 3*h - d, -d - 20 = -2*h. What are the prime factors of h?
2, 5
Let s(b) = -b**3 - b**2 + 6*b + 1. Let q(n) = 2*n + 12. Let x be q(-8). List the prime factors of s(x).
5
Suppose -239 - 49 = -6*i. List the prime factors of i.
2, 3
Let o(z) = 3*z**2 + 2*z - 2. Let d = 4 - 2. List the prime factors of o(d).
2, 7
Let z = -14 + 17. What are the prime factors of 6/18 - (-14)/z?
5
Suppose 48 = 3*l - 3*u, 58 = -0*l + 4*l - 2*u. List the prime factors of l + 2/(-1) - 1.
2, 5
Let y(i) = i**3 + 0*i**2 + 0*i**2 + 4 + i. List the prime factors of y(0).
2
Suppose n + l - 58 = 0, -5*n - 15 = -l - 287. List the prime factors of n.
5, 11
Let d = -4 - 3. List the prime factors of d/21*(-45)/1.
3, 5
Let b = 4 + 0. Suppose b*y = -y + 65. List the prime factors of y.
13
Let w = 2 - -2. Suppose 16 = n + 5*t - 2*t, 0 = w*n - t - 51. What are the prime factors of n?
13
Let k = -3 - -6. Suppose 5 = -3*m - 5*c, m - 3*m = -3*c - k. Suppose m = -5*g - 5*q + 30, -2*q = g - 5*q + 2. List the prime factors of g.
2
Let y be (20/6)/2*3. Suppose -u + 18 = y. List the prime factors of u.
13
Suppose -16*o + 10*o = -390. List the prime factors of o.
5, 13
Suppose 0 = -s + 4*u + 19, 3*u + 2*u = -5*s - 5. List the prime factors of (2 + 1)*21/s.
3, 7
Let k(p) = p**3 + 10*p**2 - 17*p - 27. What are the prime factors of k(-11)?
3, 13
Let n = -19 + 134. What are the prime factors of n?
5, 23
Suppose -125 - 5 = -5*f. List the prime factors of f.
2, 13
Let z be 1/(-1 - 1 - -1). Let p be 4/(z/(2/(-4))). Suppose 19 = 5*a - 2*i, 1 + 3 = p*a - 2*i. List the prime factors of a.
5
Let c = 248 + -141. What are the prime factors of c?
107
Let r be 13/(-4) - (-4)/16. Let i be 43*2 + (-3)/r. Suppose -4*b + 63 = -c, 3*c - 18 + i = 4*b. What are the prime factors of b?
3, 5
Let u be (4 - 4) + 0 + 14. Let m(f) = -f**3 + 15*f**2 - 12*f - 6. What are the prime factors of m(u)?
2, 11
Let s(o) = -o**2 - 9*o - 1. Let c(d) = 5*d**2 + 46*d + 4. Let g(y) = -2*c(y) - 11*s(y). Let p be g(-5). Let l = p + 15. What are the prime factors of l?
2
Suppose 0 = -2*m - 2. Suppose -3*y = -6 - 12. List the prime factors of y + 1/m - 1.
2
Suppose 5*j = 3*j. Suppose j = g + g - 54. Let b = g + -15. What are the prime factors of b?
2, 3
Let f(j) = -2*j + 21. List the prime factors of f(0).
3, 7
Suppose 3*t = -3*x + 6*t + 456, -x + 4*t + 152 = 0. What are the prime factors of x?
2, 19
Suppose -3*w = -4 - 8. Suppose -i + w*i - 90 = 0. List the prime factors of i.
2, 3, 5
Suppose m + m = 10. Suppose -5*l - 5*n = -190, -m*l - 5*n + 76 = -3*l. List the prime factors of l.
2, 19
Let g(o) = 6*o**2 - o + 4. List the prime factors of g(3).
5, 11
Let x be 5*5/(50/308). Suppose 0 = -3*s - 2*s + 2*g + x, 5*g + 130 = 4*s. What are the prime factors of s?
2, 3, 5
Suppose 0*k + 8 = -2*a + 2*k, -3*a = -k + 2. Let f be (2/4)/(a/24). Suppose -f = -4*r + 2*r. List the prime factors of r.
2, 3
Let m = 0 + -1. Let j be (54/21)/(m/(-7)). Suppose -2*n = -0*n - j. What are the prime factors of n?
3
Let m be (-3 - 1)*(-4)/8. List the prime factors of (-212)/(-16) - m/8.
13
Let r be 0 + ((-4)/(-2) - 0). Let o(p) = r*p - 3*p + 12*p**3 - 4*p**3. What are the prime factors of o(1)?
7
Let y = 3 - 0. Suppose 0 = -5*x + 2*m, 6*m = y*x + 3*m. Suppose x = 4*a + 4*c - 40, -2*a + 20 = -0*c - 2*c. List the prime factors of a.
2, 5
What are the prime factors of 8/(80/306) - (-2)/5?
31
Suppose 1 = 2*i + 4*l - 1, 2*i + 2*l + 2 = 0. Let q be (4/3)/((-2)/i). List the prime factors of (1*q)/(2/12).
2, 3
Suppose -3*q - 8 - 1 = 0. Let z(c) = -c - 1 - 8*c + 5*c. List the prime factors of z(q).
11
Suppose 4*o - 6 = 2. What are the prime factors of o + 1 + -4 + 40?
3, 13
Suppose 3*v - 2 - 1 = 0. Let a be (-1 - 0)*(v - 31). List the prime factors of a/4*(-12)/(-9).
2, 5
Let d(f) = -f**3 + 6*f**2 + f + 1. Let x be d(5). Let l be 3*(38/3)/(-2). Let z = x + l. What are the prime factors of z?
2, 3
Let r(z) = 2*z**3 - 5*z**2 + z + 3. Let h be r(4). Suppose -d - 35 = -2*k, -k = 3*k + d - h. What are the prime factors of k?
3, 5
Let m = 15 - -8. Let o = 59 - m. List the prime factors of o.
2, 3
Suppose 40 = -2*d + 7*d. Let n = -13 + 7. Let u = n + d. List the prime factors of u.
2
Suppose 0*v - 484 = -2*v. Suppose -2*c + 144 = 4*f, 5*f - v = -c - 65. List the prime factors of f.
5, 7
Let o(v) = 2*v**2 + v**2 - 18*v**3 - 4*v**2. List the prime factors of o(-1).
17
Let d = -18 + 20. Suppose -j + 25 = -d*s, -3*j - 21 = -5*s - 96. List the prime factors of j.
5
Let z = 38 - 67. Let l be 0 + 5*-1*4. Let c = l - z. What are the prime factors of c?
3
Let y(k) be the first derivative of 2 + k + 1/2*k**2. What are the prime factors of y(4)?
5
Let o = -6 - -4. Let d = 5 + o. What are the prime factors of d/(-2)*(-66)/9?
11
Let v(y) = -2*y + 10. Let z be v(5). Suppose z = -3*o - 6 + 18. List the prime factors of o.
2
Suppose 4*p + 2*i - 4*i - 162 = 0, -3*p + 2*i = -120. What are the prime factors of p?
2, 3, 7
Let p(r) be the first derivative of r**3/3 + 2*r**2 + r + 1. Let l(j) be the first derivative of p(j). List the prime factors of l(3).
2, 5
Let c = 4 + -4. Suppose c = 2*s - 58 + 18. Let n = s - 13. List the prime factors of n.
7
Suppose -164 = 4*s - 4*z, -s - 50 = -0*s 